{"id":538,"date":"2022-06-16T08:43:12","date_gmt":"2022-06-15T20:43:12","guid":{"rendered":"https:\/\/foundation.avoca.design\/?page_id=538"},"modified":"2022-09-08T17:10:50","modified_gmt":"2022-09-08T05:10:50","slug":"html-sitemap","status":"publish","type":"page","link":"https:\/\/www.whakatumarae.co.nz\/reo\/html-sitemap\/","title":{"rendered":"HTML Sitemap"},"content":{"rendered":"<div class=\"wrap-html-sitemap sp-html-sitemap\"><div class=\"sp-wrap-cpt\"><h2 class=\"sp-cpt-name\">Posts<\/h2><div class=\"sp-wrap-cats\"><div class=\"sp-wrap-cat\"><h3 class=\"sp-cat-name\"><a href=\"https:\/\/www.whakatumarae.co.nz\/reo\/category\/panui\/\">P\u0101nui<\/a><\/h3><ul class=\"sp-list-posts\"><li><a href=\"https:\/\/www.whakatumarae.co.nz\/reo\/panui\/your-vote-counts-korero-poti\/\">Your Vote Counts &#8211; K\u014drero P\u014dti<\/a><\/li><li><a href=\"https:\/\/www.whakatumarae.co.nz\/reo\/panui\/whakatu-marae-social-work-vacancy\/\">Whakat\u016b Marae &#8211; Social Work Vacancy<\/a><\/li><li><a href=\"https:\/\/www.whakatumarae.co.nz\/reo\/panui\/job-vacancies\/\">Job Vacancies &#8211; Navigator<\/a><\/li><li><a href=\"https:\/\/www.whakatumarae.co.nz\/reo\/panui\/job-vacancy-kaitaiohi\/\">Job Vacancy &#8211; Kaitaiohi<\/a><\/li><\/ul><\/div><div class=\"sp-wrap-cat\"><h3 class=\"sp-cat-name\"><a href=\"https:\/\/www.whakatumarae.co.nz\/reo\/category\/whakatauki\/\">Whakatauki<\/a><\/h3><ul class=\"sp-list-posts\"><li><a href=\"https:\/\/www.whakatumarae.co.nz\/reo\/whakatauki\/he-rau-ringa-e-oti-ai\/\">He rau ringa e oti ai<\/a><\/li><li><a href=\"https:\/\/www.whakatumarae.co.nz\/reo\/whakatauki\/he-taonga-rongonui-te-aroha-ki-te-tangata\/\">He taonga rongonui te aroha ki te t\u0101ngata<\/a><\/li><li><a href=\"https:\/\/www.whakatumarae.co.nz\/reo\/whakatauki\/he-koura-kia-we-te-whero\/\">He koura kia we te whero<\/a><\/li><li><a href=\"https:\/\/www.whakatumarae.co.nz\/reo\/whakatauki\/mahuru-maori-2\/\">Mahuru M\u0101ori<\/a><\/li><li><a href=\"https:\/\/www.whakatumarae.co.nz\/reo\/whakatauki\/e-kore-a-e-ngaro-he-kakano-i-ruia-mai-i-rangiatea\/\">E kore au e ngaro, he k\u0101kano i ruia mai i Rangi\u0101tea.<\/a><\/li><li><a href=\"https:\/\/www.whakatumarae.co.nz\/reo\/whakatauki\/e-hara-aku-maunga-i-te-maunga-nekeneke-he-maunga-tu-tonu-tu-te-ao-tu-te-po\/\">E hara aku maunga i te maunga nekeneke. He maunga t\u016b tonu. T\u016b te ao, t\u016b te p\u014d.<\/a><\/li><li><a href=\"https:\/\/www.whakatumarae.co.nz\/reo\/whakatauki\/ma-te-huruhuru-ka-rere-te-manu\/\">M\u0101 te huruhuru ka rere te manu<\/a><\/li><li><a href=\"https:\/\/www.whakatumarae.co.nz\/reo\/whakatauki\/he-aroha-whakato-he-aroha-puta-mai\/\">He aroha whakat\u014d, he aroha puta mai<\/a><\/li><li><a href=\"https:\/\/www.whakatumarae.co.nz\/reo\/whakatauki\/toku-reo-toku-ohooho\/\">T\u014dku reo t\u014dku ohooho<\/a><\/li><li><a href=\"https:\/\/www.whakatumarae.co.nz\/reo\/whakatauki\/whakatauki-o-te-wiki\/\">Mahuru M\u0101ori<\/a><\/li><\/ul><\/div><\/div><\/div><div class=\"sp-wrap-cpt\"><h2 class=\"sp-cpt-name\">Pages<\/h2><ul class=\"sp-list-posts sp-cpt-hierarchical\"><li class=\"page_item page-item-5348\"><a href=\"https:\/\/www.whakatumarae.co.nz\/reo\/whare-puawai-bookings\/\">Whare Pu\u0101wai Bookings<\/a><ul class='children'><li class=\"page_item page-item-5344\"><a href=\"https:\/\/www.whakatumarae.co.nz\/reo\/whare-puawai-bookings\/make-a-booking-whare-puawai\/\">Book the Whare Pu\u0101wai<\/a><\/li><\/ul><\/li><li class=\"page_item page-item-4625\"><a href=\"https:\/\/www.whakatumarae.co.nz\/reo\/test-new-calendar\/\">Test new calendar<\/a><\/li><li class=\"page_item page-item-4441\"><a href=\"https:\/\/www.whakatumarae.co.nz\/reo\/test-kaimahi\/\">Testing new Who are we<\/a><\/li><li class=\"page_item page-item-3786\"><a href=\"https:\/\/www.whakatumarae.co.nz\/reo\/test-banner\/\">Home &#8211; test banner<\/a><\/li><li class=\"page_item page-item-2727\"><a href=\"https:\/\/www.whakatumarae.co.nz\/reo\/kaupapa\/\">Kaupapa (Events page)<\/a><\/li><li class=\"page_item page-item-1001\"><a href=\"https:\/\/www.whakatumarae.co.nz\/reo\/covid\/\">Covid<\/a><\/li><li class=\"page_item page-item-662\"><a href=\"https:\/\/www.whakatumarae.co.nz\/reo\/contact\/\">Whakap\u0101 mai | Contact<\/a><\/li><li class=\"page_item page-item-660\"><a href=\"https:\/\/www.whakatumarae.co.nz\/reo\/gallery\/\">Whakaahua | Gallery<\/a><ul class='children'><li class=\"page_item page-item-2768\"><a href=\"https:\/\/www.whakatumarae.co.nz\/reo\/gallery\/events\/\">Events Gallery<\/a><\/li><li class=\"page_item page-item-1744\"><a href=\"https:\/\/www.whakatumarae.co.nz\/reo\/gallery\/kaataki-restoration-gallery\/\">Kaataki Restoration<\/a><\/li><li class=\"page_item page-item-1741\"><a href=\"https:\/\/www.whakatumarae.co.nz\/reo\/gallery\/hakinakina-gallery\/\">H\u0101kinakina Gallery<\/a><\/li><\/ul><\/li><li class=\"page_item page-item-653\"><a href=\"https:\/\/www.whakatumarae.co.nz\/reo\/marae-bookings\/\">T\u0101pui \/ Marae Bookings<\/a><ul class='children'><li class=\"page_item page-item-859\"><a href=\"https:\/\/www.whakatumarae.co.nz\/reo\/marae-bookings\/faqs-bookings\/\">FAQs (Bookings)<\/a><\/li><li class=\"page_item page-item-825\"><a href=\"https:\/\/www.whakatumarae.co.nz\/reo\/marae-bookings\/make-a-booking\/\">Make a Booking<\/a><\/li><li class=\"page_item page-item-822\"><a href=\"https:\/\/www.whakatumarae.co.nz\/reo\/marae-bookings\/hangi-pit\/\">Hangi Pit<\/a><\/li><li class=\"page_item page-item-819\"><a href=\"https:\/\/www.whakatumarae.co.nz\/reo\/marae-bookings\/self-catered\/\">Self Catered<\/a><\/li><li class=\"page_item page-item-816\"><a href=\"https:\/\/www.whakatumarae.co.nz\/reo\/marae-bookings\/tangihanga\/\">Tangihanga<\/a><\/li><\/ul><\/li><li class=\"page_item page-item-651\"><a href=\"https:\/\/www.whakatumarae.co.nz\/reo\/who-we-are\/\">Ko wai m\u0101tou \/ Who are we<\/a><\/li><li class=\"page_item page-item-649\"><a href=\"https:\/\/www.whakatumarae.co.nz\/reo\/history\/\">H\u012btori \/ History<\/a><\/li><li class=\"page_item page-item-538\"><a href=\"https:\/\/www.whakatumarae.co.nz\/reo\/html-sitemap\/\">HTML Sitemap<\/a><\/li><li class=\"page_item page-item-278\"><a href=\"https:\/\/www.whakatumarae.co.nz\/reo\/services\/\">\u0100 m\u0101tou mahi | Services<\/a><ul class='children'><li class=\"page_item page-item-841\"><a href=\"https:\/\/www.whakatumarae.co.nz\/reo\/services\/hakinakina\/\">H\u0101kinakina<\/a><\/li><li class=\"page_item page-item-838\"><a href=\"https:\/\/www.whakatumarae.co.nz\/reo\/services\/putea-possibilities\/\">Putea Possibilities<\/a><\/li><li class=\"page_item page-item-835\"><a href=\"https:\/\/www.whakatumarae.co.nz\/reo\/services\/request-referral\/\">Request a Referral<\/a><\/li><li class=\"page_item page-item-832\"><a href=\"https:\/\/www.whakatumarae.co.nz\/reo\/services\/supporting-services\/\">Supporting Services<\/a><\/li><li class=\"page_item page-item-828\"><a href=\"https:\/\/www.whakatumarae.co.nz\/reo\/services\/rangatahi-ora-youth-services\/\">Rangatahi Ora \/ Youth Services<\/a><\/li><\/ul><\/li><li class=\"page_item page-item-142\"><a href=\"https:\/\/www.whakatumarae.co.nz\/reo\/marae-map\/\">Mapi | Map<\/a><\/li><li class=\"page_item page-item-93 current_page_parent\"><a href=\"https:\/\/www.whakatumarae.co.nz\/reo\/panui-news\/\">P\u0101nui \/ Notices<\/a><\/li><li class=\"page_item page-item-38\"><a href=\"https:\/\/www.whakatumarae.co.nz\/reo\/\">Home<\/a><\/li><li class=\"page_item page-item-3\"><a href=\"https:\/\/www.whakatumarae.co.nz\/reo\/privacy-policy\/\">Privacy Policy<\/a><\/li><\/ul><\/div><\/div>","protected":false},"excerpt":{"rendered":"","protected":false},"author":2,"featured_media":0,"parent":0,"menu_order":30,"comment_status":"closed","ping_status":"closed","template":"","meta":{"_acf_changed":false,"_seopress_robots_primary_cat":"","_seopress_titles_title":"","_seopress_titles_desc":"","_seopress_robots_index":"","_EventAllDay":false,"_EventTimezone":"","_EventStartDate":"","_EventEndDate":"","_EventStartDateUTC":"","_EventEndDateUTC":"","_EventShowMap":false,"_EventShowMapLink":false,"_EventURL":"","_EventCost":"","_EventCostDescription":"","_EventCurrencySymbol":"","_EventCurrencyCode":"","_EventCurrencyPosition":"","_EventDateTimeSeparator":"","_EventTimeRangeSeparator":"","_EventOrganizerID":[],"_EventVenueID":[],"_OrganizerEmail":"","_OrganizerPhone":"","_OrganizerWebsite":"","_VenueAddress":"","_VenueCity":"","_VenueCountry":"","_VenueProvince":"","_VenueState":"","_VenueZip":"","_VenuePhone":"","_VenueURL":"","_VenueStateProvince":"","_VenueLat":"","_VenueLng":"","_VenueShowMap":false,"_VenueShowMapLink":false,"_tribe_blocks_recurrence_rules":"","_tribe_blocks_recurrence_description":"","_tribe_blocks_recurrence_exclusions":"","footnotes":""},"class_list":["post-538","page","type-page","status-publish","hentry"],"acf":[],"_links":{"self":[{"href":"https:\/\/www.whakatumarae.co.nz\/reo\/wp-json\/wp\/v2\/pages\/538","targetHints":{"allow":["GET"]}}],"collection":[{"href":"https:\/\/www.whakatumarae.co.nz\/reo\/wp-json\/wp\/v2\/pages"}],"about":[{"href":"https:\/\/www.whakatumarae.co.nz\/reo\/wp-json\/wp\/v2\/types\/page"}],"author":[{"embeddable":true,"href":"https:\/\/www.whakatumarae.co.nz\/reo\/wp-json\/wp\/v2\/users\/2"}],"replies":[{"embeddable":true,"href":"https:\/\/www.whakatumarae.co.nz\/reo\/wp-json\/wp\/v2\/comments?post=538"}],"version-history":[{"count":16,"href":"https:\/\/www.whakatumarae.co.nz\/reo\/wp-json\/wp\/v2\/pages\/538\/revisions"}],"predecessor-version":[{"id":545,"href":"https:\/\/www.whakatumarae.co.nz\/reo\/wp-json\/wp\/v2\/pages\/538\/revisions\/545"}],"wp:attachment":[{"href":"https:\/\/www.whakatumarae.co.nz\/reo\/wp-json\/wp\/v2\/media?parent=538"}],"curies":[{"name":"wp","href":"https:\/\/api.w.org\/{rel}","templated":true}]}}